{"id":1091,"date":"2015-06-09T18:51:36","date_gmt":"2015-06-09T16:51:36","guid":{"rendered":"http:\/\/grzegorznieradka.pl\/?page_id=1091"},"modified":"2018-10-02T19:56:49","modified_gmt":"2018-10-02T17:56:49","slug":"warto-byc-polakiem","status":"publish","type":"page","link":"http:\/\/grzegorznieradka.pl\/index.php\/warto-byc-polakiem\/","title":{"rendered":"#DOBRY PROGRAM"},"content":{"rendered":"<p><strong>Szanowni Mieszka\u0144cy Gminy Iwonicz-Zdr\u00f3j i Gminy Ryman\u00f3w!\u00a0<\/strong><\/p>\n<p style=\"text-align: justify;\"><strong>Specjalnie dla Was przygotowa\u0142em #DobryProgram, kt\u00f3ry zamierzam realizowa\u0107 w Radzie Powiatu Kro\u015bnie\u0144skiego.\u00a0Nasze Gminy zas\u0142uguj\u0105 na energicznego, aktywnego i skutecznego przedstawiciela w powiecie. Prosz\u0119 o poparcie, a wsp\u00f3lnie zmienimy nasze Ma\u0142e Ojczyzny!\u00a0<\/strong><\/p>\n<p style=\"text-align: right;\"><em><strong>Z powa\u017caniem,\u00a0<\/strong><\/em><\/p>\n<p style=\"text-align: right;\"><em><strong>Grzegorz Nieradka\u00a0<\/strong><\/em><\/p>\n<p style=\"text-align: justify;\"><a href=\"http:\/\/grzegorznieradka.pl\/wp-content\/uploads\/2015\/06\/Page1-2.jpg\"><img decoding=\"async\" loading=\"lazy\" class=\"alignnone size-full wp-image-2481\" src=\"http:\/\/grzegorznieradka.pl\/wp-content\/uploads\/2015\/06\/Page1-2.jpg\" alt=\"Page1\" width=\"2339\" height=\"4961\" srcset=\"http:\/\/grzegorznieradka.pl\/wp-content\/uploads\/2015\/06\/Page1-2.jpg 2339w, http:\/\/grzegorznieradka.pl\/wp-content\/uploads\/2015\/06\/Page1-2-141x300.jpg 141w, http:\/\/grzegorznieradka.pl\/wp-content\/uploads\/2015\/06\/Page1-2-768x1629.jpg 768w, http:\/\/grzegorznieradka.pl\/wp-content\/uploads\/2015\/06\/Page1-2-483x1024.jpg 483w\" sizes=\"(max-width: 2339px) 100vw, 2339px\" \/><\/a><\/p>\n<p style=\"text-align: justify;\"><a href=\"http:\/\/grzegorznieradka.pl\/wp-content\/uploads\/2015\/06\/Page13.jpg\"><img decoding=\"async\" loading=\"lazy\" class=\"alignnone size-full wp-image-2482\" src=\"http:\/\/grzegorznieradka.pl\/wp-content\/uploads\/2015\/06\/Page13.jpg\" alt=\"Page13\" width=\"2339\" height=\"4961\" srcset=\"http:\/\/grzegorznieradka.pl\/wp-content\/uploads\/2015\/06\/Page13.jpg 2339w, http:\/\/grzegorznieradka.pl\/wp-content\/uploads\/2015\/06\/Page13-141x300.jpg 141w, http:\/\/grzegorznieradka.pl\/wp-content\/uploads\/2015\/06\/Page13-768x1629.jpg 768w, http:\/\/grzegorznieradka.pl\/wp-content\/uploads\/2015\/06\/Page13-483x1024.jpg 483w\" sizes=\"(max-width: 2339px) 100vw, 2339px\" \/><\/a><\/p>\n<p style=\"text-align: justify;\"><a href=\"http:\/\/grzegorznieradka.pl\/wp-content\/uploads\/2015\/06\/Page12.jpg\"><img decoding=\"async\" loading=\"lazy\" class=\"alignnone size-full wp-image-2483\" src=\"http:\/\/grzegorznieradka.pl\/wp-content\/uploads\/2015\/06\/Page12.jpg\" alt=\"Page12\" width=\"2339\" height=\"4961\" srcset=\"http:\/\/grzegorznieradka.pl\/wp-content\/uploads\/2015\/06\/Page12.jpg 2339w, http:\/\/grzegorznieradka.pl\/wp-content\/uploads\/2015\/06\/Page12-141x300.jpg 141w, http:\/\/grzegorznieradka.pl\/wp-content\/uploads\/2015\/06\/Page12-768x1629.jpg 768w, http:\/\/grzegorznieradka.pl\/wp-content\/uploads\/2015\/06\/Page12-483x1024.jpg 483w\" sizes=\"(max-width: 2339px) 100vw, 2339px\" \/><\/a><\/p>\n<p style=\"text-align: justify;\"><a href=\"http:\/\/grzegorznieradka.pl\/wp-content\/uploads\/2015\/06\/Page14.jpg\"><img decoding=\"async\" loading=\"lazy\" class=\"alignnone size-full wp-image-2484\" src=\"http:\/\/grzegorznieradka.pl\/wp-content\/uploads\/2015\/06\/Page14.jpg\" alt=\"Page14\" width=\"2339\" height=\"4961\" srcset=\"http:\/\/grzegorznieradka.pl\/wp-content\/uploads\/2015\/06\/Page14.jpg 2339w, http:\/\/grzegorznieradka.pl\/wp-content\/uploads\/2015\/06\/Page14-141x300.jpg 141w, http:\/\/grzegorznieradka.pl\/wp-content\/uploads\/2015\/06\/Page14-768x1629.jpg 768w, http:\/\/grzegorznieradka.pl\/wp-content\/uploads\/2015\/06\/Page14-483x1024.jpg 483w\" sizes=\"(max-width: 2339px) 100vw, 2339px\" \/><\/a><\/p>\n<p style=\"text-align: justify;\"><a href=\"http:\/\/grzegorznieradka.pl\/wp-content\/uploads\/2015\/06\/Page15.jpg\"><img decoding=\"async\" loading=\"lazy\" class=\"alignnone size-full wp-image-2485\" src=\"http:\/\/grzegorznieradka.pl\/wp-content\/uploads\/2015\/06\/Page15.jpg\" alt=\"Page15\" width=\"2339\" height=\"4961\" srcset=\"http:\/\/grzegorznieradka.pl\/wp-content\/uploads\/2015\/06\/Page15.jpg 2339w, http:\/\/grzegorznieradka.pl\/wp-content\/uploads\/2015\/06\/Page15-141x300.jpg 141w, http:\/\/grzegorznieradka.pl\/wp-content\/uploads\/2015\/06\/Page15-768x1629.jpg 768w, http:\/\/grzegorznieradka.pl\/wp-content\/uploads\/2015\/06\/Page15-483x1024.jpg 483w\" sizes=\"(max-width: 2339px) 100vw, 2339px\" \/><\/a><\/p>\n<p style=\"text-align: justify;\"><a href=\"http:\/\/grzegorznieradka.pl\/wp-content\/uploads\/2015\/06\/Page2-1.jpg\"><img decoding=\"async\" loading=\"lazy\" class=\"alignnone size-full wp-image-2488\" src=\"http:\/\/grzegorznieradka.pl\/wp-content\/uploads\/2015\/06\/Page2-1.jpg\" alt=\"Page2\" width=\"2339\" height=\"4961\" srcset=\"http:\/\/grzegorznieradka.pl\/wp-content\/uploads\/2015\/06\/Page2-1.jpg 2339w, http:\/\/grzegorznieradka.pl\/wp-content\/uploads\/2015\/06\/Page2-1-141x300.jpg 141w, http:\/\/grzegorznieradka.pl\/wp-content\/uploads\/2015\/06\/Page2-1-768x1629.jpg 768w, http:\/\/grzegorznieradka.pl\/wp-content\/uploads\/2015\/06\/Page2-1-483x1024.jpg 483w\" sizes=\"(max-width: 2339px) 100vw, 2339px\" \/><\/a><\/p>\n<p style=\"text-align: justify;\"><a href=\"http:\/\/grzegorznieradka.pl\/wp-content\/uploads\/2015\/06\/Page3-1.jpg\"><img decoding=\"async\" loading=\"lazy\" class=\"alignnone size-full wp-image-2489\" src=\"http:\/\/grzegorznieradka.pl\/wp-content\/uploads\/2015\/06\/Page3-1.jpg\" alt=\"Page3\" width=\"2339\" height=\"4961\" srcset=\"http:\/\/grzegorznieradka.pl\/wp-content\/uploads\/2015\/06\/Page3-1.jpg 2339w, http:\/\/grzegorznieradka.pl\/wp-content\/uploads\/2015\/06\/Page3-1-141x300.jpg 141w, http:\/\/grzegorznieradka.pl\/wp-content\/uploads\/2015\/06\/Page3-1-768x1629.jpg 768w, http:\/\/grzegorznieradka.pl\/wp-content\/uploads\/2015\/06\/Page3-1-483x1024.jpg 483w\" sizes=\"(max-width: 2339px) 100vw, 2339px\" \/><\/a><\/p>\n<p style=\"text-align: justify;\"><a href=\"http:\/\/grzegorznieradka.pl\/wp-content\/uploads\/2015\/06\/Page4-1.jpg\"><img decoding=\"async\" loading=\"lazy\" class=\"alignnone size-full wp-image-2490\" src=\"http:\/\/grzegorznieradka.pl\/wp-content\/uploads\/2015\/06\/Page4-1.jpg\" alt=\"Page4\" width=\"2339\" height=\"4961\" srcset=\"http:\/\/grzegorznieradka.pl\/wp-content\/uploads\/2015\/06\/Page4-1.jpg 2339w, http:\/\/grzegorznieradka.pl\/wp-content\/uploads\/2015\/06\/Page4-1-141x300.jpg 141w, http:\/\/grzegorznieradka.pl\/wp-content\/uploads\/2015\/06\/Page4-1-768x1629.jpg 768w, http:\/\/grzegorznieradka.pl\/wp-content\/uploads\/2015\/06\/Page4-1-483x1024.jpg 483w\" sizes=\"(max-width: 2339px) 100vw, 2339px\" \/><\/a><\/p>\n<p style=\"text-align: justify;\"><a href=\"http:\/\/grzegorznieradka.pl\/wp-content\/uploads\/2015\/06\/Page5.jpg\"><img decoding=\"async\" loading=\"lazy\" class=\"alignnone size-full wp-image-2491\" src=\"http:\/\/grzegorznieradka.pl\/wp-content\/uploads\/2015\/06\/Page5.jpg\" alt=\"Page5\" width=\"2339\" height=\"4961\" srcset=\"http:\/\/grzegorznieradka.pl\/wp-content\/uploads\/2015\/06\/Page5.jpg 2339w, http:\/\/grzegorznieradka.pl\/wp-content\/uploads\/2015\/06\/Page5-141x300.jpg 141w, http:\/\/grzegorznieradka.pl\/wp-content\/uploads\/2015\/06\/Page5-768x1629.jpg 768w, http:\/\/grzegorznieradka.pl\/wp-content\/uploads\/2015\/06\/Page5-483x1024.jpg 483w\" sizes=\"(max-width: 2339px) 100vw, 2339px\" \/><\/a><\/p>\n<p style=\"text-align: justify;\"><a href=\"http:\/\/grzegorznieradka.pl\/wp-content\/uploads\/2015\/06\/Page6.jpg\"><img decoding=\"async\" loading=\"lazy\" class=\"alignnone size-full wp-image-2492\" src=\"http:\/\/grzegorznieradka.pl\/wp-content\/uploads\/2015\/06\/Page6.jpg\" alt=\"Page6\" width=\"2339\" height=\"4961\" srcset=\"http:\/\/grzegorznieradka.pl\/wp-content\/uploads\/2015\/06\/Page6.jpg 2339w, http:\/\/grzegorznieradka.pl\/wp-content\/uploads\/2015\/06\/Page6-141x300.jpg 141w, http:\/\/grzegorznieradka.pl\/wp-content\/uploads\/2015\/06\/Page6-768x1629.jpg 768w, http:\/\/grzegorznieradka.pl\/wp-content\/uploads\/2015\/06\/Page6-483x1024.jpg 483w\" sizes=\"(max-width: 2339px) 100vw, 2339px\" \/><\/a><\/p>\n<p style=\"text-align: justify;\"><a href=\"http:\/\/grzegorznieradka.pl\/wp-content\/uploads\/2015\/06\/Page7.jpg\"><img decoding=\"async\" loading=\"lazy\" class=\"alignnone size-full wp-image-2493\" src=\"http:\/\/grzegorznieradka.pl\/wp-content\/uploads\/2015\/06\/Page7.jpg\" alt=\"Page7\" width=\"2339\" height=\"4961\" srcset=\"http:\/\/grzegorznieradka.pl\/wp-content\/uploads\/2015\/06\/Page7.jpg 2339w, http:\/\/grzegorznieradka.pl\/wp-content\/uploads\/2015\/06\/Page7-141x300.jpg 141w, http:\/\/grzegorznieradka.pl\/wp-content\/uploads\/2015\/06\/Page7-768x1629.jpg 768w, http:\/\/grzegorznieradka.pl\/wp-content\/uploads\/2015\/06\/Page7-483x1024.jpg 483w\" sizes=\"(max-width: 2339px) 100vw, 2339px\" \/><\/a><\/p>\n<p style=\"text-align: justify;\"><a href=\"http:\/\/grzegorznieradka.pl\/wp-content\/uploads\/2015\/06\/Page8.jpg\"><img decoding=\"async\" loading=\"lazy\" class=\"alignnone size-full wp-image-2494\" src=\"http:\/\/grzegorznieradka.pl\/wp-content\/uploads\/2015\/06\/Page8.jpg\" alt=\"Page8\" width=\"2339\" height=\"4961\" srcset=\"http:\/\/grzegorznieradka.pl\/wp-content\/uploads\/2015\/06\/Page8.jpg 2339w, http:\/\/grzegorznieradka.pl\/wp-content\/uploads\/2015\/06\/Page8-141x300.jpg 141w, http:\/\/grzegorznieradka.pl\/wp-content\/uploads\/2015\/06\/Page8-768x1629.jpg 768w, http:\/\/grzegorznieradka.pl\/wp-content\/uploads\/2015\/06\/Page8-483x1024.jpg 483w\" sizes=\"(max-width: 2339px) 100vw, 2339px\" \/><\/a><\/p>\n<p style=\"text-align: justify;\"><a href=\"http:\/\/grzegorznieradka.pl\/wp-content\/uploads\/2015\/06\/Page9.jpg\"><img decoding=\"async\" loading=\"lazy\" class=\"alignnone size-full wp-image-2495\" src=\"http:\/\/grzegorznieradka.pl\/wp-content\/uploads\/2015\/06\/Page9.jpg\" alt=\"Page9\" width=\"2339\" height=\"4961\" srcset=\"http:\/\/grzegorznieradka.pl\/wp-content\/uploads\/2015\/06\/Page9.jpg 2339w, http:\/\/grzegorznieradka.pl\/wp-content\/uploads\/2015\/06\/Page9-141x300.jpg 141w, http:\/\/grzegorznieradka.pl\/wp-content\/uploads\/2015\/06\/Page9-768x1629.jpg 768w, http:\/\/grzegorznieradka.pl\/wp-content\/uploads\/2015\/06\/Page9-483x1024.jpg 483w\" sizes=\"(max-width: 2339px) 100vw, 2339px\" \/><\/a><\/p>\n<p style=\"text-align: justify;\"><a href=\"http:\/\/grzegorznieradka.pl\/wp-content\/uploads\/2015\/06\/Page10.jpg\"><img decoding=\"async\" loading=\"lazy\" class=\"alignnone size-full wp-image-2496\" src=\"http:\/\/grzegorznieradka.pl\/wp-content\/uploads\/2015\/06\/Page10.jpg\" alt=\"Page10\" width=\"2339\" height=\"4961\" srcset=\"http:\/\/grzegorznieradka.pl\/wp-content\/uploads\/2015\/06\/Page10.jpg 2339w, http:\/\/grzegorznieradka.pl\/wp-content\/uploads\/2015\/06\/Page10-141x300.jpg 141w, http:\/\/grzegorznieradka.pl\/wp-content\/uploads\/2015\/06\/Page10-768x1629.jpg 768w, http:\/\/grzegorznieradka.pl\/wp-content\/uploads\/2015\/06\/Page10-483x1024.jpg 483w\" sizes=\"(max-width: 2339px) 100vw, 2339px\" \/><\/a><\/p>\n<p style=\"text-align: justify;\"><a href=\"http:\/\/grzegorznieradka.pl\/wp-content\/uploads\/2015\/06\/Page11.jpg\"><img decoding=\"async\" loading=\"lazy\" class=\"alignnone size-full wp-image-2497\" src=\"http:\/\/grzegorznieradka.pl\/wp-content\/uploads\/2015\/06\/Page11.jpg\" alt=\"Page11\" width=\"2339\" height=\"4961\" srcset=\"http:\/\/grzegorznieradka.pl\/wp-content\/uploads\/2015\/06\/Page11.jpg 2339w, http:\/\/grzegorznieradka.pl\/wp-content\/uploads\/2015\/06\/Page11-141x300.jpg 141w, http:\/\/grzegorznieradka.pl\/wp-content\/uploads\/2015\/06\/Page11-768x1629.jpg 768w, http:\/\/grzegorznieradka.pl\/wp-content\/uploads\/2015\/06\/Page11-483x1024.jpg 483w\" sizes=\"(max-width: 2339px) 100vw, 2339px\" \/><\/a><\/p>\n","protected":false},"excerpt":{"rendered":"<p>Szanowni Mieszka\u0144cy Gminy Iwonicz-Zdr\u00f3j i Gminy Ryman\u00f3w!\u00a0 Specjalnie dla Was przygotowa\u0142em #DobryProgram, kt\u00f3ry zamierzam realizowa\u0107 w Radzie Powiatu Kro\u015bnie\u0144skiego.\u00a0Nasze Gminy &#8230;<\/p>\n","protected":false},"author":2,"featured_media":0,"parent":0,"menu_order":0,"comment_status":"open","ping_status":"closed","template":"","meta":[],"_links":{"self":[{"href":"http:\/\/grzegorznieradka.pl\/index.php\/wp-json\/wp\/v2\/pages\/1091"}],"collection":[{"href":"http:\/\/grzegorznieradka.pl\/index.php\/wp-json\/wp\/v2\/pages"}],"about":[{"href":"http:\/\/grzegorznieradka.pl\/index.php\/wp-json\/wp\/v2\/types\/page"}],"author":[{"embeddable":true,"href":"http:\/\/grzegorznieradka.pl\/index.php\/wp-json\/wp\/v2\/users\/2"}],"replies":[{"embeddable":true,"href":"http:\/\/grzegorznieradka.pl\/index.php\/wp-json\/wp\/v2\/comments?post=1091"}],"version-history":[{"count":22,"href":"http:\/\/grzegorznieradka.pl\/index.php\/wp-json\/wp\/v2\/pages\/1091\/revisions"}],"predecessor-version":[{"id":2498,"href":"http:\/\/grzegorznieradka.pl\/index.php\/wp-json\/wp\/v2\/pages\/1091\/revisions\/2498"}],"wp:attachment":[{"href":"http:\/\/grzegorznieradka.pl\/index.php\/wp-json\/wp\/v2\/media?parent=1091"}],"curies":[{"name":"wp","href":"https:\/\/api.w.org\/{rel}","templated":true}]}}