{"id":346,"date":"2015-01-31T17:38:49","date_gmt":"2015-01-31T17:38:49","guid":{"rendered":"http:\/\/demo.wpcharming.com\/humanrights\/?page_id=346"},"modified":"2024-03-22T23:08:15","modified_gmt":"2024-03-22T22:08:15","slug":"o-mnie","status":"publish","type":"page","link":"http:\/\/grzegorznieradka.pl\/index.php\/o-mnie\/","title":{"rendered":"O mnie"},"content":{"rendered":"<div id=\"wpc_69de335b0bfe9\" class=\"vc_row wpb_row vc_row-fluid  \">\n\t\t<div class=\"row_inner_wrapper  clearfix\">\n\t\t\t<div class=\"row_inner row_center_content clearfix\">\n\t<div class=\"vc_col-sm-12 wpb_column vc_column_container \">\n\t\t<div class=\"wpb_wrapper\">\n\t\t\t\n\t<div class=\"custom-heading wpb_content_element \">\n\t\t<h2 class=\"heading-title\" >Sam o sobie <\/h2>\n\t\t<span class=\"heading-line primary\"><\/span>\n\t<\/div>\n\t<div class=\"wpb_text_column wpb_content_element \">\n\t\t<div class=\"wpb_wrapper\">\n\t\t\t<p><strong>Mam 33 lata i od pokole\u0144 zwi\u0105zany jestem z Iwoniczem. To tutaj dorasta\u0142em, st\u0105d pochodzi moja rodzina. Mam starszego brata i wspania\u0142ych rodzic\u00f3w, na kt\u00f3rych zawsze mog\u0119 liczy\u0107.\u00a0<\/strong>Jestem absolwentem Politechniki Krakowskiej. Uzyska\u0142em tytu\u0142 <strong>mgr in\u017c.<\/strong> na specjalno\u015bci technologia ropy i gazu. Okres studi\u00f3w to tak\u017ce czas powa\u017cnego zaanga\u017cowania si\u0119 w \u017cycie spo\u0142eczne. W wyborach samorz\u0105dowych w 2014 r. z powodzeniem ubiega\u0142em si\u0119 o mandat radnego,\u00a0zostaj\u0105c <strong>najm\u0142odszym w historii gminy<\/strong> <strong>radnym Rady Miejskiej w Iwoniczu-Zdroju. <\/strong>Dzi\u0119ki swojej aktywnej dzia\u0142alno\u015bci w wielu obszarach zyska\u0142em miano lokalnego animatora \u017cycia spo\u0142ecznego oraz popularyzatora Iwonicza (organizowa\u0142em m.in. Orszak Trzech Kr\u00f3li, Dzie\u0144 \u017bo\u0142nierzy Niez\u0142omnych, Rocznic\u0119 Zbrodni Katy\u0144skiej, spotkania z ciekawymi lud\u017ami). Bezpo\u015brednio po studiach podj\u0105\u0142em prac\u0119 w Rafinerii w Ja\u015ble na stanowisku specjalisty ds. rozwoju, p\u00f3\u017aniej pe\u0142nomocnika zarz\u0105du ds. strategii i rozwoju. W 2017 roku uko\u0144czy\u0142em studia podyplomowe na Akademii G\u00f3rniczo-Hutniczej w Krakowie na kierunku Zarz\u0105dzanie w Przemy\u015ble Naftowym i Gazowniczym.\u00a0<strong>W 2018 r. uzyska\u0142em mandat radnego Rady Powiatu Kro\u015bnie\u0144skiego uzyskuj\u0105c rekordowe 1064 g\u0142osy,<\/strong>\u00a0za co w tym miejscu z serca dzi\u0119kuj\u0119. Moja dzia\u0142alno\u015b\u0107 zosta\u0142a zauwa\u017cona i otrzyma\u0142em propozycj\u0119 pracy w centralnych instytucjach pa\u0144stwowych w Warszawie (Kancelaria Sejmu, G\u0142\u00f3wny Inspektorat Pracy, Ministerstwo Kultury i Dziedzictwa Narodowego). Sens pracy w stolicy widzia\u0142em w tym, \u017ce mog\u0142em bardzo pr\u0119\u017cnie i skutecznie wspiera\u0107 szereg przedsi\u0119wzi\u0119\u0107, inwestycji i projekt\u00f3w realizowanych na Podkarpaciu, szczeg\u00f3lnie za\u015b w powiecie kro\u015bnie\u0144skim i gminie Iwonicz-Zdr\u00f3j. Lata te wykorzysta\u0142em maksymalnie, zdobywaj\u0105c bezcenne do\u015bwiadczenie, liczne kontakty, buduj\u0105c relacje i poszukuj\u0105c sojusznik\u00f3w w zabieganiu o \u015brodki finansowe dla naszej Ma\u0142ej Ojczyzny.<\/p>\n\n\t\t<\/div> \n\t<\/div> \n\t<div class=\"custom-heading wpb_content_element \">\n\t\t<h2 class=\"heading-title\" >Wykszta\u0142cenie, dzia\u0142alno\u015b\u0107 naukowa i zawodowa <\/h2>\n\t\t<span class=\"heading-line primary\"><\/span>\n\t<\/div>\n\t<div class=\"wpb_text_column wpb_content_element \">\n\t\t<div class=\"wpb_wrapper\">\n\t\t\t<p style=\"text-align: justify;\">Wyr\u00f3\u017cniony absolwent II Liceum Og\u00f3lnokszta\u0142c\u0105cego im. Konstytucji 3 Maja w Kro\u015bnie; profil z rozszerzonym zakresem chemii, fizyki i biologii. Uko\u0144czy\u0142 studia I i II stopnia na <strong>Wydziale In\u017cynierii i Technologii Chemicznej Politechniki Krakowskiej<\/strong>, uzyskuj\u0105c tytu\u0142 <strong>magistra in\u017cyniera<\/strong> na kierunku Technologia Chemiczna i specjalno\u015bci <strong>Technologia Ropy i Gazu<\/strong>. Tematem pracy dyplomowej in\u017cynierskiej by\u0142o \u201e<em>Badanie dzia\u0142ania depresator\u00f3w w olejach nap\u0119dowych z r\u00f3\u017cnych rop<\/em>\u201d, natomiast pracy dyplomowej magisterskiej \u201e<em>Badanie wp\u0142ywu zawarto\u015bci komponent\u00f3w tlenowych na lotno\u015b\u0107 benzyn<\/em>\u201d.\u00a0<strong>Stypendysta Rektora Politechniki Krakowskiej.<\/strong> W 2012 roku z powodzeniem podejmowa\u0142 praktyk\u0119 zawodow\u0105 w Laboratorium Nowych Technologii Chemicznych Zak\u0142adu Dodatk\u00f3w i Nowych Technologii Chemicznych Instytutu Nafty i Gazu w Krakowie, opracowuj\u0105c raport zatytu\u0142owany \u201e<em>Badania nad wykorzystaniem promieniowania mikrofalowego do rozdzielania emulsji woda &#8211; ropa naftowa<\/em>\u201d. W 2013 roku praktykowa\u0142 w technologicznym Laboratorium \u015arodk\u00f3w Smarowych Zak\u0142adu Olej\u00f3w, \u015arodk\u00f3w Smarowych i Asfalt\u00f3w Instytutu Nafty i Gazu w Krakowie. W 2014 roku odby\u0142 sta\u017c zawodowy w grupie kapita\u0142owej zrzeszaj\u0105cej sp\u00f3\u0142ki naftowe Flukar Sp. z o.o. oraz Rafineria w Ja\u015ble Sp. z o.o.<\/p>\n<p style=\"text-align: justify;\">Autor popularno-naukowych artyku\u0142\u00f3w pt. \u201e<em>O iwonickim przemy\u015ble <\/em><em>naftowym<\/em>\u201d (Wiek Nafty, 2014, 3: 10-12) oraz \u201e<em>Wybrane zagadnienia z pocz\u0105tk\u00f3w rozwoju przemys\u0142u rafineryjnego<\/em>\u201d (Wiek Nafty, 2015, 1: 36\u201340) opublikowanych w presti\u017cowym kwartalniku bran\u017cowym <strong>\u201eWiek Nafty\u201d wydawanym przez Stowarzyszenie Naukowo-Techniczne In\u017cynier\u00f3w i Technik\u00f3w Przemys\u0142u Naftowego i Gazowniczego.<\/strong> W styczniu 2015 roku pomy\u015blnie przeszed\u0142 wszystkie etapy kwalifikacji do projektu \u201eKompetencje startem do kariery in\u017cyniera\u201d finansowanego przez <strong>Narodowe Centrum Bada\u0144 i Rozwoju, kt\u00f3re stanowi agencj\u0119 wykonawcz\u0105 Ministra Nauki i Szkolnictwa Wy\u017cszego<\/strong>. W ramach projektu odby\u0142 sta\u017c w Biurze Technologii w rafinerii Grupy LOTOS S.A. w Gda\u0144sku, wzi\u0105\u0142 udzia\u0142 w zagranicznej wizycie studyjnej w Wiedniu oraz w szkoleniach i warsztatach z zakresu przedsi\u0119biorczo\u015bci i zarz\u0105dzania jako\u015bci\u0105, uzyskuj\u0105c stosowne certyfikaty. <strong>W lipcu 2015 r. przyj\u0119ty w poczet\u00a0Cz\u0142onk\u00f3w Stowarzyszenia Naukowo-Technicznego In\u017cynier\u00f3w i Technik\u00f3w Przemys\u0142u Naftowego i Gazowniczego: Oddzia\u0142 w Kro\u015bnie, Ko\u0142o Zak\u0142adowe ORLEN Po\u0142udnie S.A.<\/strong> Bezpo\u015brednio po studiach podj\u0105\u0142 prac\u0119 w Rafinerii w Ja\u015ble, gdzie pracowa\u0142 na stanowisku specjalisty ds. rozwoju produktu, specjalisty ds. procesu technologicznego, zast\u0119pcy koordynatora projektu ds. technicznych. Obecnie pe\u0142nomocnik zarz\u0105du ds. strategi i rozwoju. W dniu 10 marca 2016 roku uczestniczy\u0142 jako delegat w Walnym Sprawozdawczo-Wyborczym Zgromadzeniu Delegat\u00f3w Oddzia\u0142u SITPNiG w Kro\u015bnie. Wcze\u015bniej, tj. w trakcie studi\u00f3w na Politechnice Krakowskiej, sympatyzowa\u0142 z krakowskim oddzia\u0142em SITPNiG. Reprezentowa\u0142 pracodawc\u0119 podczas mi\u0119dzynarodowych konferencji, targ\u00f3w i spotka\u0144 bran\u017cowych. Uczestniczy\u0142 w VII Mi\u0119dzynarodowej Konferencji Naukowo-Technicznej \u015arodki Smarowe 2015 w Krynicy-Zdr\u00f3j, w XIII Mi\u0119dzynarodowym Kongresie Naukowym \u201eProblematyka normalizacji, jako\u015bci i kodyfikacji w aspekcie integracji z NATO i Uni\u0105 Europejsk\u0105\u201d w Ko\u015bcielisku (2016 r.) oraz w Kongresie 590 w Jasionce k. Rzeszowa (2016 r.). W dniach 27-28 stycznia 2017 roku wzi\u0105\u0142 aktywny udzia\u0142 w Forum Europa-Ukraina w Rzeszowie zorganizowanym przez Fundacj\u0119 Instytut Studi\u00f3w Wschodnich i Marsza\u0142ka Wojew\u00f3dztwa Podkarpackiego. Podczas panelu po\u015bwi\u0119conego innowacjom wyg\u0142osi\u0142 referat pt. <em>&#8222;Innowacyjna technologia wytwarzania podw\u00f3jnie modyfikowanej emulsji asfaltowej i jej wp\u0142yw na osi\u0105gni\u0119cie korzystnych efekt\u00f3w \u015brodowiskowych&#8221;<\/em>. Wyg\u0142osi\u0142 referat podczas Forum Naukowo-Gospodarczego Chemika EXPO 2017 w Szczecinie. W dniach 20-21 wrze\u015bnia 2017 uczestniczy\u0142 w konferencji LIFE Platform Meeting w Atenach.<\/p>\n\n\t\t<\/div> \n\t<\/div> \n\t<div class=\"custom-heading wpb_content_element \">\n\t\t<h2 class=\"heading-title\" >Dzia\u0142alno\u015b\u0107 samorz\u0105dowa i polityczna <\/h2>\n\t<\/div>\n\t<div class=\"wpb_text_column wpb_content_element \">\n\t\t<div class=\"wpb_wrapper\">\n\t\t\t<p style=\"text-align: justify;\">W wyborach samorz\u0105dowych 2014 z powodzeniem ubiega\u0142 si\u0119 o mandat radnego VII kadencji Rady Miejskiej w Iwoniczu-Zdroju. Decyzj\u0105 Rady Miejskiej zosta\u0142 powo\u0142any w sk\u0142ad Komisji Bud\u017cetu i Finans\u00f3w oraz Komisji O\u015bwiaty, Kultury, Zdrowia i Kultury Fizycznej. Po wyborze nowego wiceprzewodnicz\u0105cego Rady Miejskiej w Iwoniczu-Zdroju z\u0142o\u017cy\u0142 rezygnacj\u0119 z udzia\u0142u w pracach Komisji O\u015bwiaty. Decyzj\u0105 wi\u0119kszo\u015bci radnych wybrany na cz\u0142onka Komisji Rewizyjnej oraz wiceprzewodnicz\u0105cego Komisji Bud\u017cetu i Finans\u00f3w.<\/p>\n<p style=\"text-align: justify;\">Z dniem 20 listopada 2015 roku podj\u0105\u0142 prac\u0119 w <strong>Kancelarii Sejmu<\/strong> obejmuj\u0105c stanowisko Asystenta Marsza\u0142ka Sejmu Rzeczypospolitej Polskiej. Od 2018 roku pracowa\u0142 w <strong>Gabinecie G\u0142\u00f3wnego Inspektora Pracy w Warszawie<\/strong>, a od 2021 roku w Gabinecie Politycznym <strong>Ministra Kultury i Dziedzictwa Narodowego<\/strong>, pe\u0142ni\u0105c funkcj\u0119 Doradcy Wicepremiera, prof. Piotra Gli\u0144skiego.<\/p>\n\n\t\t<\/div> \n\t<\/div> \n\t\t<\/div> \n\t<\/div> \n\n\t\t\t<\/div>\n\t\t<\/div>\n<\/div>\n<div id=\"wpc_69de335b0dbbe\" class=\"vc_row wpb_row vc_row-fluid  \">\n\t\t<div class=\"row_inner_wrapper  clearfix\" style=\"background-position: left top;background-repeat: no-repeat;background-size: inherit;\">\n\t\t\t<div class=\"row_inner row_center_content clearfix\">\n\t<div class=\"vc_col-sm-12 wpb_column vc_column_container \">\n\t\t<div class=\"wpb_wrapper\">\n\t\t\t\n\t<div class=\"custom-heading wpb_content_element \">\n\t\t<h2 class=\"heading-title\" >Dzia\u0142alno\u015b\u0107 medialna <\/h2>\n\t\t<span class=\"heading-line primary\"><\/span>\n\t<\/div>\n\t<div class=\"wpb_text_column wpb_content_element \">\n\t\t<div class=\"wpb_wrapper\">\n\t\t\t<p style=\"text-align: justify;\">W okresie studi\u00f3w na Politechnice Krakowskiej by\u0142 pomys\u0142odawc\u0105 i Redaktorem Naczelnym miesi\u0119cznika \u201e<em>G\u0142os Krakowa Niezale\u017cnego<\/em>\u201d, wydawanego od 10 sierpnia 2012 roku. Wsp\u00f3\u0142tw\u00f3rca spo\u0142eczno-kulturalnego portalu \u201e<em>Krak\u00f3w Niezale\u017cny<\/em>\u201d i informacyjnego portalu miejskiego \u201e<em>Wawelski Gr\u00f3d<\/em>\u201d. Autor kilkudziesi\u0119ciu artyku\u0142\u00f3w o tematyce spo\u0142eczno-politycznej i kilku wywiad\u00f3w z cyklu \u201e<em>Rozmowy z Krakowianami<\/em>\u201d. W tym samym czasie publikowa\u0142 w miesi\u0119czniku samorz\u0105dowym \u201eEcho Gminy Iwonicz-Zdr\u00f3j\u201d i w miesi\u0119czniku parafialnym \u201eNasza Wsp\u00f3lnota\u201d.<\/p>\n\n\t\t<\/div> \n\t<\/div> \n\t\t<\/div> \n\t<\/div> \n\n\t\t\t<\/div>\n\t\t<\/div>\n<\/div>\n<div id=\"wpc_69de335b0e641\" class=\"vc_row wpb_row vc_row-fluid  \">\n\t\t<div class=\"row_inner_wrapper  clearfix\" style=\"background-position: left top;background-repeat: no-repeat;background-size: inherit;\">\n\t\t\t<div class=\"row_inner row_center_content clearfix\">\n\t<div class=\"vc_col-sm-12 wpb_column vc_column_container \">\n\t\t<div class=\"wpb_wrapper\">\n\t\t\t\n\t<div class=\"custom-heading wpb_content_element \">\n\t\t<h2 class=\"heading-title\" >Dzia\u0142alno\u015b\u0107 spo\u0142eczna i kulturalna <\/h2>\n\t\t<span class=\"heading-line primary\"><\/span>\n\t<\/div>\n\t<div class=\"wpb_text_column wpb_content_element \">\n\t\t<div class=\"wpb_wrapper\">\n\t\t\t<p style=\"text-align: justify;\">We wsp\u00f3\u0142pracy z Fundacj\u0105 \u201eOrszak Trzech Kr\u00f3li\u201d dnia 6 stycznia 2015 roku zorganizowa\u0142 pierwszy Iwonicki Orszak Trzech Kr\u00f3li, gromadz\u0105c blisko p\u00f3\u0142 tysi\u0105ca mieszka\u0144c\u00f3w Iwonicza i go\u015bci przebywaj\u0105cych na kuracji w Uzdrowisku. Wydarzenie doczeka\u0142o si\u0119 czterech edycji. Jako popularyzator wiedzy o \u017bo\u0142nierzach Wykl\u0119tych, wraz z Zespo\u0142em Szk\u00f3\u0142 im. rtm. Witolda Pileckiego, dnia 1 marca 2015 roku zorganizowa\u0142 w Iwoniczu obchody Narodowego Dnia Pami\u0119ci \u017bo\u0142nierzy Wykl\u0119tych i wystaw\u0119 po\u015bwi\u0119con\u0105 rotmistrzowi Witoldowi Pileckiemu. Wraz z parafi\u0105 pw. \u015aw. Iwona i MB Uzdrowienie Chorych oraz Gminnym O\u015brodkiem Kultury w Iwoniczu-Zdroju, dnia 8 lipca 2015 roku zorganizowa\u0142 obchody 72. rocznicy &#8222;Krwawej Niedzieli&#8221; na Wo\u0142yniu, zapraszaj\u0105c do Iwonicza-Zdroju ks. Tadeusza Isakowicza-Zaleskiego. Pomys\u0142odawca i organizator Konkursu &#8222;Warto by\u0107 Polakiem&#8221;, kt\u00f3rego pierwsza edycja zako\u0144czy\u0142a si\u0119 udzia\u0142em 120 uczni\u00f3w z terenu powiatu kro\u015bnie\u0144skiego. Druga edycja Konkursu odby\u0142a si\u0119 pod Patronatem Honorowym Podsekretarza Stanu w Ministerstwie Obrony Narodowej, prof. dra hab. Wojciecha Fa\u0142kowskiego.<\/p>\n\n\t\t<\/div> \n\t<\/div> \n\t\t<\/div> \n\t<\/div> \n\n\t\t\t<\/div>\n\t\t<\/div>\n<\/div>\n<div id=\"wpc_69de335b0ef4f\" class=\"vc_row wpb_row vc_row-fluid  \">\n\t\t<div class=\"row_inner_wrapper  clearfix\" style=\"background-position: left top;background-repeat: no-repeat;background-size: inherit;\">\n\t\t\t<div class=\"row_inner row_center_content clearfix\">\n\t<div class=\"vc_col-sm-12 wpb_column vc_column_container \">\n\t\t<div class=\"wpb_wrapper\">\n\t\t\t\n\t<div class=\"wpb_text_column wpb_content_element \">\n\t\t<div class=\"wpb_wrapper\">\n\t\t\t<p><\/p>\n\n\t\t<\/div> \n\t<\/div> \n\t\t<\/div> \n\t<\/div> \n\n\t\t\t<\/div>\n\t\t<\/div>\n<\/div>\n<div id=\"wpc_69de335b110f2\" class=\"vc_row wpb_row vc_row-fluid  \">\n\t\t<div class=\"row_inner_wrapper  clearfix\" style=\"background-position: left top;background-repeat: no-repeat;background-size: inherit;\">\n\t\t\t<div class=\"row_inner row_center_content clearfix\">\n\t<div class=\"vc_col-sm-12 wpb_column vc_column_container \">\n\t\t<div class=\"wpb_wrapper\">\n\t\t\t\n\t<div class=\"wpb_text_column wpb_content_element \">\n\t\t<div class=\"wpb_wrapper\">\n\t\t\t<p><\/p>\n\n\t\t<\/div> \n\t<\/div> \n\t\t<\/div> \n\t<\/div> \n\n\t\t\t<\/div>\n\t\t<\/div>\n<\/div>\n","protected":false},"excerpt":{"rendered":"<p>Attorney David Boies has a track record of recovery in civil matters. He is a protector of individual rights.<\/p>\n","protected":false},"author":1,"featured_media":0,"parent":0,"menu_order":0,"comment_status":"open","ping_status":"open","template":"","meta":[],"_links":{"self":[{"href":"http:\/\/grzegorznieradka.pl\/index.php\/wp-json\/wp\/v2\/pages\/346"}],"collection":[{"href":"http:\/\/grzegorznieradka.pl\/index.php\/wp-json\/wp\/v2\/pages"}],"about":[{"href":"http:\/\/grzegorznieradka.pl\/index.php\/wp-json\/wp\/v2\/types\/page"}],"author":[{"embeddable":true,"href":"http:\/\/grzegorznieradka.pl\/index.php\/wp-json\/wp\/v2\/users\/1"}],"replies":[{"embeddable":true,"href":"http:\/\/grzegorznieradka.pl\/index.php\/wp-json\/wp\/v2\/comments?post=346"}],"version-history":[{"count":71,"href":"http:\/\/grzegorznieradka.pl\/index.php\/wp-json\/wp\/v2\/pages\/346\/revisions"}],"predecessor-version":[{"id":3269,"href":"http:\/\/grzegorznieradka.pl\/index.php\/wp-json\/wp\/v2\/pages\/346\/revisions\/3269"}],"wp:attachment":[{"href":"http:\/\/grzegorznieradka.pl\/index.php\/wp-json\/wp\/v2\/media?parent=346"}],"curies":[{"name":"wp","href":"https:\/\/api.w.org\/{rel}","templated":true}]}}